t m(c) = -3*c - 17. Suppose 4*r + 5*w = -79, 42*w = -r + 41*w - 19. Give m(r).
31
Let r(z) = -76*z + 531. Let b be r(7). Let c(a) = 30*a**3 + 2*a**2 + 4*a + 3. Calculate c(b).
-29
Let t(n) be the first derivative of n**4/4 - 5*n**3/3 + 3*n**2/2 - 5*n + 1125. Give t(2).
-11
Let p = 28 - 27. Let z(c) be the second derivative of 2/3*c**4 - 1/2*c**2 + 0 + 1/3*c**3 + 15*c. What is z(p)?
9
Suppose 5*n + u = 9, -3*n - 5*u - 3 = -4. Let x(k) = 2 + 0*k**n + 4 - 2 + k**2 + 6*k. Let a be (0 - (-3)/(-9))*(0 + 4 + 17). Determine x(a).
11
Let u(n) be the second derivative of n**4/12 - 5*n**3/3 - 9*n**2 + 3*n. Let w be u(12). Let b(o) = 8 + 6 + 2*o - 18. Calculate b(w).
8
Let t be (34 + -33)/(((-1)/(-6))/(-1)). Let g(d) = 1243 - 2488 + 1249 - d. Calculate g(t).
10
Suppose -138*g - 157 + 121 + 588 = 0. Let q(i) be the second derivative of i**5/20 - i**4/3 - 2*i**2 + i. Give q(g).
-4
Let c be ((-2)/6)/(48/4 + 9095/(-765)). Suppose 5*y = 4*n - 97, 3 = -n - 3*y + 23. Let j(v) = -n*v + 4 - 1 + 18*v - v**2. Determine j(c).
9
Let o(s) = 10*s + 86. Let u be o(-9). Let l(m) = 8*m + 6. Give l(u).
-26
Let s be 2/3 - 2160/324. Let c(i) = -i**3 - 5*i**2 + 7*i - 11. Calculate c(s).
-17
Let k be 2 + -1 + 0 - -4. Let h(p) = 3*p - 2. Let a(x) = 2*x - 1. Let d(f) = k*a(f) - 3*h(f). Let o(y) = -y - 6. Let l be o(-9). What is d(l)?
4
Let i(l) = -l**2 - 4*l + 17. Suppose -6 = -2*d, d = 34*b - 39*b + 13. Determine i(b).
5
Suppose 0 = -5*o + 21 - 56. Let v(a) be the second derivative of -2*a**2 + 0 + 6*a - 1/6*a**3. Give v(o).
3
Let x(p) = -2*p**2 + 3*p - 4. Let z(u) = -4*u**2 + 5*u - 9. Suppose -4*q - 2*n + 22 = 0, 0 = -q - 5*n + 12 - 2. Let r(d) = q*x(d) - 2*z(d). Determine r(3).
-5
Let d be 5/3 - 2/(-6). Let i be (4 - (-55)/(-10))*-2. Let j(r) = 2*r + i*r**2 + 40*r**3 - 41*r**3 - 3*r. Determine j(d).
2
Let g(u) be the second derivative of -7*u**4/12 - u**3/2 - 3*u**2 + 39*u + 1. Give g(-2).
-28
Suppose 0 = 11*r - 15 - 7. Let z(j) = 7 - 8*j - r*j + 8*j + 0*j. What is z(6)?
-5
Suppose -12*c = -20*c + 40. Let g(n) = 241*n + 3 - 2 - 237*n - c. Give g(-3).
-16
Let h(d) be the second derivative of d**4/12 + d**3/3 - d**2 - 2*d. Suppose -49*m = 51*m - 108*m + 32. Calculate h(m).
22
Let m(t) = 14*t - 65. Let n(i) = 17*i - 71. Let w(o) = -7*m(o) + 6*n(o). Give w(-9).
-7
Let r(b) = 17 - 51 + 7 + 14 + 16 + b**3 + 4*b. Determine r(-1).
-2
Let t(p) = -9*p - 171 + 8*p + 98 + 88. Calculate t(15).
0
Let g = -9982 + 9983. Let b(o) = o - 1. Let k(f) = 11*f**2 - 5*f + 5. Let v(q) = 5*b(q) + k(q). Give v(g).
11
Let c(l) = -4*l**2 - 5*l - 79. Let m(h) = 15*h**2 + 9*h + 315. Let w(q) = 11*c(q) + 3*m(q). What is w(25)?
1
Let k(b) = b**3 - 2*b + 1. Let g be 3 + 1 + ((-9380)/(-14) - 8). Let w = -665 + g. Give k(w).
0
Suppose 134 = 6*w - 250. Let g(q) = w*q + 4 - 5 - 29*q - 36*q. Let k = 0 - 0. Calculate g(k).
-1
Let s(n) = -478*n**3 - 476*n**3 + 0*n - 11*n - 15 - 6*n**2 + 953*n**3. Determine s(-4).
-3
Suppose -2*p + 30*u - 29*u = -32, -3*u - 66 = -4*p. Let z(q) = -q + 21. What is z(p)?
6
Let i = 1 + -3. Let q(g) = 2*g + 2. Let v(r) = -45*r - 8 + 11*r + 4*r + 10*r + 9*r. Let w(c) = 5*q(c) + v(c). Give w(i).
4
Let b(p) = -2*p + 38. Let v be ((-4)/(-10)*45/8)/(1/4). Give b(v).
20
Let a(s) = 31*s + 35*s + 26*s - 103*s + 14 + 3*s**2 - s**2. What is a(8)?
54
Suppose 19 = -9*s - 17. Let l(t) = 36*t**2 - 16*t + 47. Let g(v) = 13*v**2 - 5*v + 15. Let x(k) = s*l(k) + 11*g(k). Give x(5).
-3
Let k(o) = -12 + 14 + 1329*o**2 + 3*o - 2658*o**2 + 1328*o**2. Let y be (4 - 6)/((-4)/2). Let v be 2 - 1 - (y + 2). Give k(v).
-8
Suppose 3411 = -164*t + 787. Let f(p) = -p**2 - 15*p + 15. Determine f(t).
-1
Let q(a) = a**2 - 9*a + 13. Suppose 0 = 5*v - 1326 + 1256. Let c be ((-24)/v)/(46/(-161)). What is q(c)?
-5
Suppose -4*f + 10 = -10. Let o(h) be the first derivative of -h**4/4 + 4*h**3/3 + 5*h**2/2 - 2*h - 242. Calculate o(f).
-2
Let c(g) be the second derivative of g**5/20 - 7*g**4/12 + g**3/6 - 25*g**2/2 + 1276*g. Calculate c(8).
47
Let t(g) = -g. Let q be t(1). Let d(o) = 1421915 - 710955 - 15*o**3 - 710960. What is d(q)?
15
Let l(i) be the first derivative of -i**3/3 - 9*i**2/2 - 3*i + 1. Let o = -37654 + 37648. Determine l(o).
15
Let j(w) = 7*w**2 + 8 + 83*w**3 - 2060*w - 43*w**3 + 2077*w - 41*w**3. Give j(9).
-1
Let m(z) = z**3 + 6*z**2 + 3*z - 5. Suppose 4*q - 3*l = -2971, 10*q = 9*q + 2*l - 749. Let y = q + 735. Calculate m(y).
15
Let k(v) be the second derivative of -v**3/6 - 3*v**2/2 - v. Let l(i) = -346*i + 5186. Let f be l(15). What is k(f)?
1
Let l be 8 + (2 - (-88)/(-20))/(54/180). Let k(x) = 31*x + 2. Determine k(l).
2
Let i = 317 + -314. Let c(f) = 16*f - 13. Give c(i).
35
Suppose 0 = -7*n + 223 - 209. Let t(p) = 3*p**2 + 9 - 13 + p**n - 2*p - 5*p**2. Give t(0).
-4
Let u(n) be the first derivative of -n**4/12 - n**3/6 - 3*n**2/2 + 70*n + 41. Let x(o) be the first derivative of u(o). Give x(0).
-3
Suppose 7*n + 314 = 265. Let g(y) = y**3 + 8*y**2 + 9*y + 16. Determine g(n).
2
Let p(k) = -k**3 + 8*k**2 + 2*k - 10. Let j be p(8). Suppose 14 + 62 = 19*x. Let m(g) = -x - 273*g + 548*g - 270*g. Determine m(j).
26
Let m be (1/(-5 + (-64)/(-14)))/(2/6). Let o(u) = 12*u + 77. Determine o(m).
-7
Let q(z) = z - 8. Let o(g) = -g + 4. Let w be o(-8). Let i(f) = -111*f**3 + 110*f**3 + 10*f - 16 + 8*f - 4*f + 11*f**2. Let t be i(w). Give q(t).
0
Let c(g) = -2*g + 1. Let q = -154 + 156. Suppose -4*n = -6*n - q*p - 6, 4*p = -5*n - 13. Calculate c(n).
3
Let i(c) be the second derivative of c**3/2 + 19*c**2/2 + 5068*c. Give i(9).
46
Let c(t) be the first derivative of -t**5/30 - t**4/8 - t**3/3 + 8*t**2 - 2*t - 93. Let x(p) be the second derivative of c(p). Calculate x(-3).
-11
Let a(l) = 2*l + 7. Let y(u) = 3*u**2 - 35*u - 2. Let g be y(12). Let i be 14*9/(-18) + g. Calculate a(i).
13
Suppose -100 = -5*z + 5*h, -5*h = 5*z - 6*z + 36. Let s(o) = 0*o**3 - 7 - o**3 + 7*o**2 + 0*o**3 + z. Let y(p) = 2*p - 7. Let l be y(7). Calculate s(l).
9
Let h(r) = 8243*r**3 - 32982*r**3 + 8244*r**3 + 8246*r**3 - r**2 - 12 + 8250*r**3. Let j be 1/(-1)*(1 - 1). Determine h(j).
-12
Let v(g) = 6*g - 1. Let u be -9 + 1/(-3) + (-65)/(-15). Let l be 1*(-1 + 3 + u). Let n be 42/18 + 1/l. Calculate v(n).
11
Let s(v) = v**2 + v - 1. Suppose -a - 2*f = -6, -5*f + 48 = 4*a + 33. Suppose a = 7*c + 7*c - 7*c. Calculate s(c).
-1
Let w(a) = -12*a**2 - 3*a - 2. Suppose 0 = -4*g + 3*x + 7, 31*g - 24 = 33*g + 4*x. Calculate w(g).
-44
Let m = -22 + 26. Suppose 2*l + 5*n + 16 = 0, 0 = -2*l + 4*l - m*n - 20. Let k(a) = -4 + 1 - a**2 + 3*a + a**3 - a**l - a**2. Determine k(2).
-1
Let t(a) = -4*a**3 - 4*a**2 - a. Suppose -32*p = -23*p - 9. Let c(x) = x**3 - x. Let u(n) = p*t(n) + 3*c(n). Calculate u(-4).
16
Let t(z) = -16*z + 3*z**2 - 4*z**2 - 58 + 13. Suppose 6*h = -h + 4425 - 4516. Give t(h).
-6
Let c(t) = 11*t**2 + 69*t - 3. Let l be c(-8). Let q(y) = -14*y - 68 - 84 + l. Determine q(-2).
25
Let j(x) = -x + 4*x + 6 - 3*x + x. Suppose i = 3*z - 19, -i + 3*z - 7*z + 2 = 0. Determine j(i).
-4
Let i(f) = -78*f - 83*f + 317*f - 64*f + 148 - 82*f. Give i(-16).
-12
Let p(d) be the second derivative of d**3/6 + 5*d**2 - 216*d. Let f(r) = r**2 + 3*r - 10. Let v be f(0). Determine p(v).
0
Let m(j) = 3*j**3 + j**2 - j + 33. Suppose 0 = -5*f + 2*a + 50 - 64, 5*f + 5*a = 35. Give m(f).
33
Suppose -2*v + 352 = 2*l, 2*v + l - 352 = 4*l. Let w = -169 + v. Let d(s) = s - 2. What is d(w)?
5
Suppose 5*f + 2*d = 0, -4*f - 9*d + 28 = -13*d. Let w(r) = -4*r**2 - 6*r + 10. Calculate w(f).
-18
Suppose b + 2276 - 2259 = -3*f, -4*f - 12 = -4*b. Let l(w) = -9*w - 21. What is l(b)?
-3
Let c = 29 - 27. Let y(z) be the first derivative of 7*z**2/2 - 5*z - 1188. Determine y(c).
9
Let x(y) = -13*y - y**3 + 206 - 13*y**2 - 142 - 73. Calculate x(-12).
3
Suppose -3*w = 4*l - 82, 0*w + 4*w + 5*l = 109. Let x = -23 + w. Let h(g) = g**2 + 0*g**3 - 7*g**3 + 6*g**x + 12 + 8*g**2. Determine h(9).
12
Suppose -5*c = -3*z + 48, -30*c + 27*c + 6 = 4*z. Let a(b) = 5*b - 35. Give a(z).
-5
Let x(p) = -996*p - 9955. Let c be x(-10). Let j(k) = 3 - 2 - 8 + 5*k. What is j(c)?
18
Let b be (-27)/(-12) - 6/(-8). Let x(s) = b - 2*s + 4 - s + 0 - s**3 - 7*s**2. Suppose -5*p + 283 = 4*c + 307, -18 = 3*c - 3*p. Give x(c).
-11
Let o be ((-1)/(-3))/(17/(-510)). Let d be 15/(-6) + (-5)/o + 2. Suppose d = -z - 4*z + 